{"id":2703,"date":"2023-06-19T23:44:24","date_gmt":"2023-06-19T14:44:24","guid":{"rendered":"https:\/\/kotoboo.org\/?page_id=2703"},"modified":"2023-06-19T23:46:20","modified_gmt":"2023-06-19T14:46:20","slug":"about","status":"publish","type":"page","link":"https:\/\/kotoboo.org\/index.php\/pt\/about\/","title":{"rendered":"Sobre"},"content":{"rendered":"\n<p class=\"has-very-dark-gray-color has-text-color has-background has-medium-font-size\" style=\"background-color:#65c0c6\">Kotoboo \u00e9 um blog onde pais, educadores e curiosos podem obter informa\u00e7\u00f5es cient\u00edficas sobre a aquisi\u00e7\u00e3o de linguagem na inf\u00e2ncia, no formato de quadrinhos. As informa\u00e7\u00f5es s\u00e3o trazidas at\u00e9 voc\u00eas diretamente de uma equipe de cientistas que estudam como as crian\u00e7as aprendem a linguagem. Nossos cientistas trabalham em v\u00e1rias partes do mundo, e em diversos assuntos. Toda quinta-feira, eles se re\u00fanem para criar um quadrinho sobre o que eles sabem, para compartilhar com voc\u00eas, nossos leitores.<\/p>\n\n\n\n<p class=\"has-very-dark-gray-color has-text-color has-medium-font-size\"><br><strong>Nosso nome<\/strong><\/p>\n\n\n\n<p class=\"has-very-dark-gray-color has-text-color has-background has-medium-font-size\" style=\"background-color:#65c0c6\">Kotoboo foi criado a partir de tr\u00eas palavras, em tr\u00eas l\u00ednguas diferentes.<br><br>\u0643\u062a\u0628 <em>(kotob)<\/em><br>\u201cKotob\u201d significa \u201clivros\u201d em \u00e1rabe<br><br>\u8a00\u8449<em> (kotoba)<\/em><br>\u201cKotoba\u201d significa \u201clinguagem\u201d ou \u201cpalavras\u201d em japon\u00eas.<br><br><em>Peek-a-boo<\/em><br>\u201cPeek-a-boo\u201d \u00e9 uma express\u00e3o em ingl\u00eas usada em uma brincadeira muito comum com crian\u00e7as. Nesta brincadeira, um adulto esconde o rosto com as m\u00e3os, e quando ele abre as m\u00e3os para revelar seu rosto, ele diz: \u201cPeek-a-boo!\u201d.<br><br>Essas tr\u00eas palavras &#8211; linguagem, livros e brincadeira &#8211; representam os pilares da miss\u00e3o do Kotoboo:<br><br><em>Compartilhar informa\u00e7\u00f5es cient\u00edficas sobre aquisi\u00e7\u00e3o de linguagem de um jeito divertido.<\/em><\/p>\n\n\n\n<p class=\"has-very-dark-gray-color has-text-color has-medium-font-size\"><br><strong>Nossas especialidades<\/strong><\/p>\n\n\n\n<p class=\"has-very-dark-gray-color has-text-color has-background has-medium-font-size\" style=\"background-color:#fff3b6\"><em>#L\u00ednguasAoRedorDoMundo<\/em><br>Como as crian\u00e7as ao redor do mundo adquirem linguagem? Das selvas de pedra \u00e0 floresta amaz\u00f4nica, descubra os diferentes modos como as crian\u00e7as aprendem sua l\u00edngua materna.<\/p>\n\n\n\n<p class=\"has-very-dark-gray-color has-text-color has-background has-medium-font-size\" style=\"background-color:#c9b2da\"><em>#L\u00ednguaEmCasa<\/em><br>Quais momentos dentro de casa s\u00e3o os mais produtivos para a aquisi\u00e7\u00e3o de linguagem? Veja todas as pequenas coisas que voc\u00ea j\u00e1 faz mesmo sem perceber, e adicione mais algumas rotinas a seu repert\u00f3rio di\u00e1rio.<\/p>\n\n\n\n<p class=\"has-very-dark-gray-color has-text-color has-background has-medium-font-size\" style=\"background-color:#adea9d\"><em>#Bilinguismo<\/em><br>Como um beb\u00ea aprende duas (ou mais) l\u00ednguas sem mistur\u00e1-las? Mergulhe nas mentes de pequenos poliglotas, e aprenda algumas dicas para criar os seus.<\/p>\n\n\n\n<p class=\"has-very-dark-gray-color has-text-color has-background has-medium-font-size\" style=\"background-color:#ff9bb4\"><em>#Alfabetiza\u00e7\u00e3o<\/em><br>Como n\u00f3s criamos o pr\u00f3ximo Machado de Assis? Aprenda mais sobre o grande salto que uma crian\u00e7a precisa dar em dire\u00e7\u00e3o \u00e0 linguagem escrita.<\/p>\n\n\n\n<p class=\"has-very-dark-gray-color has-text-color has-background has-medium-font-size\" style=\"background-color:#ffc297\"><em>#Exposi\u00e7\u00e3oATelas<\/em><br>O que os beb\u00eas v\u00eaem nas telas? Descubra oportunidades para o aprendizado da linguagem, \u00e0 maneira do s\u00e9culo 21.<\/p>\n\n\n\n<p class=\"has-background has-medium-font-size\" style=\"background-color:#a4d5eb\"><em>#L\u00ednguasDeSinais<\/em><br>As l\u00ednguas de sinais s\u00e3o processadas pelo c\u00e9rebro do mesmo modo que as l\u00ednguas orais? Explore a espl\u00eandida complexidade das l\u00ednguas visuais e a incr\u00edvel flexibilidade de pequenas mentes.<\/p>\n\n\n\n<p class=\"has-background has-medium-font-size\" style=\"background-color:#f078de\"><em>\u00a0#Ca\u00e7adoresDeMitos<\/em><br>Tudo o que os seus amigos compartilham sobre o desenvolvimento da linguagem das crian\u00e7as \u00e9 verdade? Escolhidos \u00e0 m\u00e3o diretamente das conversas na sala de espera do pediatra e de websites voltados aos pais, vejam quais s\u00e3o os fatos apoiados pela ci\u00eancia e quais s\u00e3o apenas mitos disfar\u00e7ados.<\/p>\n\n\n\n<p class=\"has-background has-medium-font-size\" style=\"background-color:#ffd078\"><em>#DiversidadeDoDesenvolvimento<\/em><br>Ser\u00e1 que todas as crian\u00e7as aprendem a l\u00edngua da mesma maneira? Da dislexia ao transtorno do espectro autista, percorra os diversos caminhos que as crian\u00e7as trilham para aprender sua(s) l\u00edngua(s) materna(s), e admire seus muitos pontos fortes e poderes ocultos.<\/p>\n\n\n\n<p class=\"has-very-dark-gray-color has-text-color has-medium-font-size\"><br><strong>Nossa hist\u00f3ria<\/strong><\/p>\n\n\n\n<p class=\"has-very-dark-gray-color has-text-color has-background has-medium-font-size\" style=\"background-color:#65c0c6\">A ideia para o Kotoboo surgiu das perguntas que n\u00f3s receb\u00edamos, as suas perguntas. Quando voc\u00eas vinham a um de nossos laborat\u00f3rios. Quando voc\u00eas nos encontravam em um museu de ci\u00eancias. N\u00f3s respond\u00edamos a todas as d\u00favidas, a cada pessoa. Mas as mesmas perguntas continuavam a aparecer, as mesmas preocupa\u00e7\u00f5es que cuidadores e educadores tinham sobre o desenvolvimento lingu\u00edstico de suas crian\u00e7as.<br><br>Tinha de haver um jeito de alcan\u00e7ar um p\u00fablico mais amplo, de espalhar nossa pesquisa para al\u00e9m da comunidade cient\u00edfica e para al\u00e9m do punhado de cuidadores e educadores que cruzavam nossos caminhos. E, mais importante, precisava ser divertido.<br><br>\u201cQue jeito melhor de ilustrar resultados cient\u00edficos para todos do que atrav\u00e9s de quadrinhos!\u201d pensamos.<br><br>Essa ideia permaneceu no fundo de nossas mentes, enquanto prossegu\u00edamos com nossos dias atarefados. N\u00f3s precis\u00e1vamos nos organizar. Sim, na pr\u00f3xima semana. Ou na pr\u00f3xima. Depois daquele pr\u00f3ximo feriado, ou talvez daquele outro.<br><br>Ent\u00e3o um dia, nosso mundo foi virado de ponta cabe\u00e7a pela Covid-19. Foi este mundo \u00e0s avessas que nos uniu e marcou o in\u00edcio de uma aventura que quase tornou o confinamento divertido.<br><br>N\u00f3s criamos o Kotoboo para ajudar pais e educadores, durante a pandemia, mas tamb\u00e9m para al\u00e9m dela.<\/p>\n\n\n\n<p class=\"has-very-dark-gray-color has-text-color has-medium-font-size\"><br><strong>Nossa vis\u00e3o<\/strong><\/p>\n\n\n\n<p class=\"has-very-dark-gray-color has-text-color has-background has-medium-font-size\" style=\"background-color:#65c0c6\">N\u00f3s apoiamos as ci\u00eancias sem fronteiras. Nosso objetivo \u00e9 ir al\u00e9m de simplesmente tornar a informa\u00e7\u00e3o cient\u00edfica acess\u00edvel, deixando-a em algum canto. N\u00f3s queremos que a informa\u00e7\u00e3o chegue at\u00e9 voc\u00eas.<br><br>N\u00f3s ent\u00e3o trabalhamos duro para tornar nosso conte\u00fado acess\u00edvel. Come\u00e7amos por torn\u00e1-lo dispon\u00edvel em seis l\u00ednguas: ingl\u00eas, franc\u00eas, japon\u00eas, espanhol, \u00e1rabe e portugu\u00eas. Pretendemos adicionar mais l\u00ednguas com o passar do tempo. Tamb\u00e9m estamos trabalhando ativamente para tornar o site acess\u00edvel a pessoas com defici\u00eancia visual e auditiva.<\/p>\n","protected":false},"excerpt":{"rendered":"<p>Kotoboo \u00e9 um blog onde pais, educadores e curiosos podem obter informa\u00e7\u00f5es cient\u00edficas sobre a aquisi\u00e7\u00e3o de linguagem na inf\u00e2ncia, no formato de quadrinhos. As informa\u00e7\u00f5es s\u00e3o trazidas at\u00e9 voc\u00eas diretamente de uma equipe de cientistas que estudam como as crian\u00e7as aprendem a linguagem. Nossos&hellip;<\/p>\n","protected":false},"author":1,"featured_media":2704,"parent":0,"menu_order":0,"comment_status":"closed","ping_status":"closed","template":"","meta":{"footnotes":""},"lang":"pt","translations":{"pt":2703,"fr":104,"en":2,"ja":120,"ar":1063,"es":1460,"uk":2087,"zh":2271},"jetpack_sharing_enabled":true,"pll_sync_post":[],"_links":{"self":[{"href":"https:\/\/kotoboo.org\/index.php\/wp-json\/wp\/v2\/pages\/2703"}],"collection":[{"href":"https:\/\/kotoboo.org\/index.php\/wp-json\/wp\/v2\/pages"}],"about":[{"href":"https:\/\/kotoboo.org\/index.php\/wp-json\/wp\/v2\/types\/page"}],"author":[{"embeddable":true,"href":"https:\/\/kotoboo.org\/index.php\/wp-json\/wp\/v2\/users\/1"}],"replies":[{"embeddable":true,"href":"https:\/\/kotoboo.org\/index.php\/wp-json\/wp\/v2\/comments?post=2703"}],"version-history":[{"count":1,"href":"https:\/\/kotoboo.org\/index.php\/wp-json\/wp\/v2\/pages\/2703\/revisions"}],"predecessor-version":[{"id":2705,"href":"https:\/\/kotoboo.org\/index.php\/wp-json\/wp\/v2\/pages\/2703\/revisions\/2705"}],"wp:featuredmedia":[{"embeddable":true,"href":"https:\/\/kotoboo.org\/index.php\/wp-json\/wp\/v2\/media\/2704"}],"wp:attachment":[{"href":"https:\/\/kotoboo.org\/index.php\/wp-json\/wp\/v2\/media?parent=2703"}],"curies":[{"name":"wp","href":"https:\/\/api.w.org\/{rel}","templated":true}]}}